e factors of z(1).
13
Let f = -21 - -36. Suppose -3*n + 12 = 3*c, -7*n + 3*n + f = 3*c. Suppose -2*w + 4*x + 0*x = -18, 3*w + 2*x - n = 0. List the prime factors of w.
3
Suppose 2*f - 5*q = 16, 0*q + 10 = 2*f - 2*q. Suppose l = -f*l. Suppose l - 2 = -t. What are the prime factors of t?
2
Let x = -54 + 113. Let o = -35 + x. List the prime factors of o.
2, 3
Let f(r) = r**3 - 4*r**2 + 2*r - 3. Let w be f(4). Let m(q) be the second derivative of q**3/6 + 3*q**2 + 2*q. What are the prime factors of m(w)?
11
List the prime factors of 2/((-2)/138*-3).
2, 23
Let x(j) = 8*j**2 - 4*j + 1. What are the prime factors of x(-3)?
5, 17
Let o(j) = -2*j - 1. Let z be o(-3). Suppose -d + 5*d - 28 = 4*m, 0 = 2*m + z*d - 7. What are the prime factors of ((-2)/m)/(2/28)?
7
Let z be ((-1)/(-3))/((-2)/(-12)). Let j(r) = -4*r + r**z - 4*r**3 + 3*r**3 + 5*r. What are the prime factors of j(-2)?
2, 5
Let g(r) = r**2 - 3*r + 3. What are the prime factors of g(9)?
3, 19
Suppose 13*r = 6*r + 1029. What are the prime factors of r?
3, 7
Let b(j) = 6*j + 5. List the prime factors of b(5).
5, 7
Let j = -260 + 390. What are the prime factors of j?
2, 5, 13
Let w = 106 + -55. What are the prime factors of w?
3, 17
Suppose 4*q - 4 = -0. Suppose 0 = 2*c - q - 11. Suppose -c*y = -y - 60. List the prime factors of y.
2, 3
Let k be -1 - (-1)/((-1)/(-49)). Suppose -k = c - 5*c. Suppose 0*o = -o + c. What are the prime factors of o?
2, 3
Suppose -1 = -3*y + 8. Suppose -2*j = -3*z - 29 - 2, y*z = -3*j + 24. What are the prime factors of j?
11
Suppose 2583 = 9*k + 306. What are the prime factors of k?
11, 23
Suppose 6*m = 2*m + 80. List the prime factors of m.
2, 5
Let k(w) = -w**3 + 7*w**2 - 4*w - 8. Suppose -4*u - 6 = 2*s - s, u = s - 9. List the prime factors of k(s).
2
Suppose 0 = 3*v - 4 - 8. Let f = v - -6. List the prime factors of f.
2, 5
Let j(w) = w**2 - w + 2. Let a be j(0). Suppose 0 = -4*g - x + 21, 5 = a*g + 3*g - 3*x. List the prime factors of g + (-2 - (2 + -6)).
2, 3
Suppose 16 = -5*l + l. Let x = -10 - l. What are the prime factors of 345/21 - x/(-14)?
2
Let i = 106 + -55. What are the prime factors of i?
3, 17
Let z be (-16)/(-2) - (-8 - -6). Let r = z + 18. Suppose 3*m = r + 2. List the prime factors of m.
2, 5
Let u be (-16)/28*7/(-2). Suppose -6 = -u*p, 5*a - 4*p - 117 - 46 = 0. What are the prime factors of a?
5, 7
Suppose -3*f + 4 + 5 = 0. Let b(i) = 7*i**2 - 3*i - 1. Let l be b(f). Suppose -28 = -3*g + 2*x - x, -3*g - 4*x + l = 0. List the prime factors of g.
11
Let t(s) = 3 + s + 2*s**2 + 5*s - 3*s**2. Let h be 7 + -1 + 2 + -3. List the prime factors of t(h).
2
Let c(m) = -3*m - 6. What are the prime factors of c(-6)?
2, 3
Let x(m) = -12*m + 2. Let y be x(-8). Suppose -5*v + 2 = -y. What are the prime factors of v?
2, 5
Suppose 2*x - 2*w = 4, x - 4*w - 1 = 1. Let j = x - 1. List the prime factors of (6 - 4) + 1 + j.
2
Suppose 0*k = k - 28. List the prime factors of k.
2, 7
Let v(f) be the second derivative of -5*f**3/6 - f**2 - 3*f. List the prime factors of v(-2).
2
Let w(m) = -3*m - 2. Let k be w(-8). Let a = k - 13. What are the prime factors of a?
3
What are the prime factors of (208/24)/(4/6)?
13
Suppose 3*c - 15 = 138. What are the prime factors of c?
3, 17
Suppose 3*i - 492 = 333. What are the prime factors of i?
5, 11
Let q be (-1 - (-15)/(-9))*-6. Suppose -10 = -2*w + q. What are the prime factors of w?
13
Let r(d) = 14*d**2 - 1. List the prime factors of r(1).
13
Suppose 4*n + 218 + 158 = 0. Let w = n - -154. List the prime factors of w.
2, 3, 5
Let c = -29 + 65. What are the prime factors of 237/27 + 8/c?
3
Let o be 80/(-6) + (-10)/15. Let b be (-4)/o - 10/(-14). What are the prime factors of ((-7)/2)/(b/(-2))?
7
Suppose -7*s + 8*s + 35 = 0. Suppose -4*c = -2*q + 2, -q - 3*c + 3 = -4*q. List the prime factors of (-2)/q - s/15.
3
List the prime factors of 3 + 55 + (-3 - -4).
59
What are the prime factors of 5/(-30)*2 - (-439)/3?
2, 73
Suppose 2*k + 4*h = 352, 0 = 3*k + k + 4*h - 684. What are the prime factors of k?
2, 83
Let r(i) = -i**2 + 3*i - 9. Let t be r(6). Let a be (-6 - t)*(-2)/(-6). Let c(k) = 2*k - 5. List the prime factors of c(a).
3
Suppose 2*v - 21 = 3*v. Let m = -4 - v. What are the prime factors of m?
17
Suppose -d + 16 = 2*n, 0 = -3*n - 5*d + 4*d + 26. Let k(f) = f**2 + 4*f. Let o be k(-3). What are the prime factors of (n/o)/(2/(-6))?
2, 5
Let v(b) = 4 + 10*b - 6*b + 0*b + b**2. What are the prime factors of v(-6)?
2
List the prime factors of ((-84)/(-35))/(-2 + 923/460).
2, 23
Let d be 34/(-10) + 2/5. Let c(g) = 2*g**2 + 2*g - 2. What are the prime factors of c(d)?
2, 5
Suppose -3 = 3*j - 4*t + 2*t, t - 8 = -5*j. List the prime factors of j*(-14 - -1)*-1.
13
Let b(q) = q**3 + 5*q**2 + q - 3. Let p be b(-5). Let c = 33 + p. What are the prime factors of c?
5
Let d(r) = 2*r**2 - 2*r + 6*r**3 - 3*r**3 - 11 - 2*r**3 - 9*r**2. What are the prime factors of d(8)?
37
Let h(q) = q**3 - 5*q**2 + q. Let b be h(5). Suppose b*d - 3 = 7. Suppose d*p - p - 12 = 0. List the prime factors of p.
2, 3
Let r(b) = -b. Let o be r(3). Let w be 2 - (9 + o/3). Let d = w - -12. What are the prime factors of d?
2, 3
Let t be 2/(-3)*6/(-4). Let x be (-4)/2*(-9 - t). Suppose -5*z = -50 - x. What are the prime factors of z?
2, 7
What are the prime factors of (124/(-20) + -3)*-5?
2, 23
List the prime factors of 440/(-30)*6/(-4).
2, 11
Let f(a) = a**2 + 3*a + 3. List the prime factors of f(9).
3, 37
List the prime factors of ((-5)/4)/((-2)/24).
3, 5
Suppose 6*j + 3*o = 3*j - 3, 3*j - 4*o - 18 = 0. Suppose 21 = j*a - a. List the prime factors of a.
3, 7
Let y be 12/9*3*1. Suppose 0 = y*x + d - 21, 3*d = -0*x + 3*x + 3. Suppose -x*w - 3*v = w - 44, 5*w = 5*v + 60. What are the prime factors of w?
2, 5
Let f = 5 - 3. Suppose 5*l = -f*h + 45, 134 = 5*h - 3*l + 37. What are the prime factors of h?
2, 5
Suppose 0*l + 4*l + 2*h - 556 = 0, -4*h = -2*l + 298. What are the prime factors of l?
3, 47
Let v(x) be the third derivative of -x**6/120 + x**5/12 + x**4/4 + 7*x**3/6 + x**2. List the prime factors of v(6).
7
Let h = -9 - -25. Suppose -4*p = -4*u - h, 4*p - 5*u - 2 = 18. Let b = p + 5. List the prime factors of b.
5
Suppose 0 = 3*l - 6, -2*k + 7*k = 3*l - 6. Suppose 0 = -k*f + 5*f - 220. What are the prime factors of f?
2, 11
Let k = -2 + 2. Suppose k = 4*x - 7*x + 105. List the prime factors of x.
5, 7
Suppose -q = 2*q. Suppose q*y - 2*y + 62 = 0. What are the prime factors of y?
31
Suppose -6*y + 541 = -161. What are the prime factors of y?
3, 13
Suppose -3*w = n - 27, 4*n + 2*w = -0*w + 108. Suppose 36 = 4*o + 4*u, 0*o + u = 3*o - n. List the prime factors of o.
3
Let b = 9 + -5. Suppose -2*j + 4 = -b. List the prime factors of j*2/(-6)*-3.
2
Suppose -3*k + 23 = 5*b + 8, 5*k = -5*b + 15. Suppose 2*h = -2*g + 24, 0 = -2*h + h - b*g + 14. What are the prime factors of h?
11
Suppose 0 = 2*u - u - 3. Let y(k) = -1 - 2 + 5*k + 0. List the prime factors of y(u).
2, 3
Suppose 0*f - 156 = -4*f. List the prime factors of f.
3, 13
List the prime factors of 1256/20 + 4/20.
3, 7
Let j = 10 + -3. Let l = 10 - 13. Let r = j + l. What are the prime factors of r?
2
Suppose 0 = 2*g - 0 - 4. List the prime factors of 21 - (g - (1 + 2)).
2, 11
Suppose -57 = -5*k - 4*g, -20 + 59 = 3*k + 4*g. Suppose -3*q = k, -5*p - q = -p - 69. What are the prime factors of p?
2, 3
Suppose -2*m + 4*m = -5*a + 410, a + 3*m = 95. What are the prime factors of (a/(-12))/((-2)/15)?
2, 5
Suppose 5*a - 709 = -3*n, 2*n + 575 + 144 = 5*a. What are the prime factors of a?
11, 13
Suppose -2*z - 4*n = 14, 3*z + n = -2*n - 15. What are the prime factors of ((-7)/2 - z)*-12?
2, 3
Let q = 13 - 7. Let m be 1/3 + 4/q. What are the prime factors of 2/m*14/4?
7
Suppose 2*r - 16 = r. Suppose 0 = 9*t - 4*t, -4*t = 4*y - r. Suppose 2*l = -8, -2 = 6*b - y*b + 3*l. What are the prime factors of b?
5
Suppose -5*d = -3*q - 12, -d = 3*d + 2*q + 8. Suppose 0 = -d*t - 5*t + 165. What are the prime factors of t?
3, 11
Let m(w) be the first derivative of w**3 - w**2 - w + 3. Let d be m(-1). Suppose -9 - 3 = -d*p. List the prime factors of p.
3
Let m(t) = -t**2 - 5*t + 4. Let y be m(3). Let n = y - -29. What are the prime factors of n?
3
Suppose 0*j = j - 7. Let w = j + 0. Let x = -1 + w. What are the prime factors of x?
2, 